{"id":128,"date":"2023-10-11T08:43:42","date_gmt":"2023-10-11T08:43:42","guid":{"rendered":"https:\/\/ganymed-gmbh.com\/?page_id=128"},"modified":"2024-01-25T14:53:36","modified_gmt":"2024-01-25T14:53:36","slug":"arbeitssicherheit-arbeitsmediziner-frankfurt","status":"publish","type":"page","link":"https:\/\/ganymed-gmbh.com\/index.php\/arbeitssicherheit-arbeitsmediziner-frankfurt\/","title":{"rendered":"Arbeitssicherheit"},"content":{"rendered":"\t\t<div data-elementor-type=\"wp-page\" data-elementor-id=\"128\" class=\"elementor elementor-128\" data-elementor-post-type=\"page\">\n\t\t\t\t<div class=\"elementor-element elementor-element-1d9dfde1 e-flex e-con-boxed e-con e-parent\" data-id=\"1d9dfde1\" data-element_type=\"container\" data-e-type=\"container\" data-settings=\"{&quot;background_background&quot;:&quot;classic&quot;}\">\n\t\t\t\t\t<div class=\"e-con-inner\">\n\t\t<div class=\"elementor-element elementor-element-70eaecc3 e-con-full e-flex e-con e-child\" data-id=\"70eaecc3\" data-element_type=\"container\" data-e-type=\"container\" id=\"arbeitssicherheit\">\n\t\t<div class=\"elementor-element elementor-element-68459a87 e-con-full e-flex e-con e-child\" data-id=\"68459a87\" data-element_type=\"container\" data-e-type=\"container\">\n\t\t\t\t<div class=\"elementor-element elementor-element-67555bc5 elementor-widget elementor-widget-text-editor\" data-id=\"67555bc5\" data-element_type=\"widget\" data-e-type=\"widget\" data-widget_type=\"text-editor.default\">\n\t\t\t\t<div class=\"elementor-widget-container\">\n\t\t\t\t\t\t\t\t\t<p>Arbeitssicherheit<\/p>\t\t\t\t\t\t\t\t<\/div>\n\t\t\t\t<\/div>\n\t\t\t\t<div class=\"elementor-element elementor-element-d5ac8a8 elementor-widget elementor-widget-jet-unfold\" data-id=\"d5ac8a8\" data-element_type=\"widget\" data-e-type=\"widget\" data-settings=\"{&quot;mask_height&quot;:{&quot;unit&quot;:&quot;px&quot;,&quot;size&quot;:130,&quot;sizes&quot;:[]},&quot;unfold_duration&quot;:{&quot;unit&quot;:&quot;ms&quot;,&quot;size&quot;:800,&quot;sizes&quot;:[]},&quot;unfold_easing&quot;:&quot;easeOutExpo&quot;,&quot;mask_height_tablet&quot;:{&quot;unit&quot;:&quot;px&quot;,&quot;size&quot;:&quot;&quot;,&quot;sizes&quot;:[]},&quot;mask_height_mobile&quot;:{&quot;unit&quot;:&quot;px&quot;,&quot;size&quot;:&quot;&quot;,&quot;sizes&quot;:[]},&quot;fold_duration&quot;:{&quot;unit&quot;:&quot;ms&quot;,&quot;size&quot;:300,&quot;sizes&quot;:[]},&quot;fold_easing&quot;:&quot;easeOutSine&quot;}\" data-widget_type=\"jet-unfold.default\">\n\t\t\t\t<div class=\"elementor-widget-container\">\n\t\t\t\t\t\t\t<div class=\"jet-unfold \" data-settings=\"{&quot;height&quot;:{&quot;size&quot;:130,&quot;unit&quot;:&quot;px&quot;},&quot;separatorHeight&quot;:{&quot;unit&quot;:&quot;px&quot;,&quot;size&quot;:0,&quot;sizes&quot;:[]},&quot;heightControlType&quot;:&quot;height&quot;,&quot;wordCount&quot;:20,&quot;unfoldDuration&quot;:{&quot;unit&quot;:&quot;ms&quot;,&quot;size&quot;:800,&quot;sizes&quot;:[]},&quot;foldDuration&quot;:{&quot;unit&quot;:&quot;ms&quot;,&quot;size&quot;:300,&quot;sizes&quot;:[]},&quot;unfoldEasing&quot;:&quot;easeOutExpo&quot;,&quot;foldEasing&quot;:&quot;easeOutSine&quot;,&quot;foldScrolling&quot;:&quot;&quot;,&quot;hideOutsideClick&quot;:&quot;&quot;,&quot;autoHide&quot;:&quot;&quot;,&quot;autoHideTime&quot;:&quot;&quot;,&quot;foldScrollOffset&quot;:&quot;&quot;,&quot;separatorType&quot;:&quot;div&quot;}\">\r\n\t\t\t<div class=\"jet-unfold__inner\">\r\n\t\t\t\t<div class=\"jet-unfold__mask\" style=\"height:130px\">\r\n\t\t\t\t\t<div class=\"jet-unfold__content\">\r\n\t\t\t\t\t\t<div class=\"jet-unfold__content-inner elementor-text-editor elementor-clearfix\"><p style=\"font-weight: 400;\">Arbeitssicherheit ist das Ergebnis aller technischen, organisatorischen und pers\u00f6nlichen Ma\u00dfnahmen, welche der Umsetzung des Arbeits- und Gesundheitsschutzes dienen. Sie ist somit \u2013 neben der Arbeitsmedizin \u2013 das zweite bedeutende Instrument zur gesundheitlichen Risikominimierung im Betrieb. Unsere Betriebs\u00e4rzte und Fachkr\u00e4fte f\u00fcr Arbeitssicherheit arbeiten Hand in Hand- f\u00fcr Gesundheit und Sicherheit in Ihrem Unternehmen.<\/p><p style=\"font-weight: 400;\">Die Vermeidung insbesondere von schweren bzw. meldepflichtigen Arbeitsunf\u00e4llen f\u00fchrt zu einer seit Jahren sinkenden Unfallstatistik. Ferner ist die Sicherheit von Anlagen, Absaugungen, technischen Ger\u00e4ten u.v.m. entscheidend daf\u00fcr, dass Gefahr- und Schadstoffe sich nicht in die Raumluft ausbreiten k\u00f6nnen.<\/p><p style=\"font-weight: 400;\">\u00a0So sch\u00fctzen Sie die Gesundheit und Leistungsf\u00e4higkeit Ihrer Mitarbeitenden und profitieren gleichzeitig von einer h\u00f6heren Arbeitsqualit\u00e4t, einer geringeren Fehlzeitenrate und einer h\u00f6heren Produktivit\u00e4t. Eine zuverl\u00e4ssige und durchdachte Arbeitssicherheit ist daher sowohl aus sozialer als auch \u00f6konomischer Sicht von zentraler Bedeutung.<\/p><p><span style=\"font-weight: 400;\">Die Fachkraft f\u00fcr Arbeitssicherheit hat die Aufgabe, Arbeitspl\u00e4tze und -prozesse auf ihre Sicherheit und Gesundheitsvertr\u00e4glichkeit hin zu \u00fcberpr\u00fcfen. Hierbei ist das Substitutionsprinzip das oberste Gebot: Denn nach Arbeitsschutzgesetz sind Gef\u00e4hrdungen an ihrer Quelle zu bek\u00e4mpfen. Es m\u00fcssen geeignete Schutzma\u00dfnahmen entwickelt und umgesetzt werden, um <\/span>Unf\u00e4lle und Gesundheitsgefahren zu minimieren. Des Weiteren muss die Arbeitssicherheit kontinuierlich \u00fcberwacht und verbessert werden, indem Arbeitsunf\u00e4lle und -krankheiten analysiert und pr\u00e4ventive Ma\u00dfnahmen ergriffen werden. Eine wichtige Rolle spielen auch die Schulung und Information der Mitarbeitenden, um ein sicherheitsbewusstes Verhalten am Arbeitsplatz zu f<span lang=\"SV\">\u00f6<\/span>rdern.<\/p><p>\u00a0<\/p><\/div>\r\n\t\t\t\t\t<\/div>\r\n\t\t\t\t\t\t\t\t\t\t<div class=\"jet-unfold__separator\"><\/div>\r\n\t\t\t\t\t\t\t\t\t<\/div>\r\n\t\t\t\t<div class=\"jet-unfold__trigger\"><div class=\"jet-unfold__button elementor-button elementor-size-md\" href=\"#\" data-unfold-text=\"Lesen Sie Mehr\" data-fold-text=\"Weniger Lesen\" data-fold-icon=\"\" data-unfold-icon=\"\" tabindex=\"0\" role=\"button\"><span class=\"jet-unfold__button-icon jet-tricks-icon\"><\/span><span class=\"jet-unfold__button-text\">Lesen Sie Mehr<\/span><\/div>\t\t\t\t<\/div>\r\n\t\t\t<\/div>\r\n\t\t<\/div>\r\n\t\t\t\t\t\t<\/div>\n\t\t\t\t<\/div>\n\t\t\t\t<div class=\"elementor-element elementor-element-8a9228f elementor-widget elementor-widget-button\" data-id=\"8a9228f\" data-element_type=\"widget\" data-e-type=\"widget\" data-widget_type=\"button.default\">\n\t\t\t\t<div class=\"elementor-widget-container\">\n\t\t\t\t\t\t\t\t\t<div class=\"elementor-button-wrapper\">\n\t\t\t\t\t<a class=\"elementor-button elementor-button-link elementor-size-sm\" href=\"#elementor-action%3Aaction%3Dpopup%3Aopen%26settings%3DeyJpZCI6IjQwMCIsInRvZ2dsZSI6ZmFsc2V9\">\n\t\t\t\t\t\t<span class=\"elementor-button-content-wrapper\">\n\t\t\t\t\t\t\t\t\t<span class=\"elementor-button-text\">Anfrage stellen<\/span>\n\t\t\t\t\t<\/span>\n\t\t\t\t\t<\/a>\n\t\t\t\t<\/div>\n\t\t\t\t\t\t\t\t<\/div>\n\t\t\t\t<\/div>\n\t\t\t\t<\/div>\n\t\t<div class=\"elementor-element elementor-element-35a9106b e-con-full e-flex e-con e-child\" data-id=\"35a9106b\" data-element_type=\"container\" data-e-type=\"container\">\n\t\t\t\t<div class=\"elementor-element elementor-element-2baa0232 elementor-widget elementor-widget-image\" data-id=\"2baa0232\" data-element_type=\"widget\" data-e-type=\"widget\" data-widget_type=\"image.default\">\n\t\t\t\t<div class=\"elementor-widget-container\">\n\t\t\t\t\t\t\t\t\t\t\t\t\t\t\t<img fetchpriority=\"high\" decoding=\"async\" width=\"800\" height=\"797\" src=\"https:\/\/ganymed-gmbh.com\/wp-content\/uploads\/2023\/11\/Group-120-5-1024x1020.png\" class=\"attachment-large size-large wp-image-1134\" alt=\"\" srcset=\"https:\/\/ganymed-gmbh.com\/wp-content\/uploads\/2023\/11\/Group-120-5-1024x1020.png 1024w, https:\/\/ganymed-gmbh.com\/wp-content\/uploads\/2023\/11\/Group-120-5-300x300.png 300w, https:\/\/ganymed-gmbh.com\/wp-content\/uploads\/2023\/11\/Group-120-5-150x150.png 150w, https:\/\/ganymed-gmbh.com\/wp-content\/uploads\/2023\/11\/Group-120-5-768x765.png 768w, https:\/\/ganymed-gmbh.com\/wp-content\/uploads\/2023\/11\/Group-120-5-1536x1530.png 1536w, https:\/\/ganymed-gmbh.com\/wp-content\/uploads\/2023\/11\/Group-120-5.png 1647w\" sizes=\"(max-width: 800px) 100vw, 800px\" \/>\t\t\t\t\t\t\t\t\t\t\t\t\t\t\t<\/div>\n\t\t\t\t<\/div>\n\t\t\t\t<\/div>\n\t\t\t\t<\/div>\n\t\t\t\t\t<\/div>\n\t\t\t\t<\/div>\n\t\t<div class=\"elementor-element elementor-element-a25881b e-flex e-con-boxed e-con e-parent\" data-id=\"a25881b\" data-element_type=\"container\" data-e-type=\"container\" id=\"#brandschutz\" data-settings=\"{&quot;background_background&quot;:&quot;classic&quot;}\">\n\t\t\t\t\t<div class=\"e-con-inner\">\n\t\t<div class=\"elementor-element elementor-element-e6862c9 e-con-full e-flex e-con e-child\" data-id=\"e6862c9\" data-element_type=\"container\" data-e-type=\"container\" id=\"brandschutz\">\n\t\t<div class=\"elementor-element elementor-element-e6304d4 e-con-full e-flex e-con e-child\" data-id=\"e6304d4\" data-element_type=\"container\" data-e-type=\"container\">\n\t\t\t\t<div class=\"elementor-element elementor-element-61aaf83 elementor-widget elementor-widget-image\" data-id=\"61aaf83\" data-element_type=\"widget\" data-e-type=\"widget\" data-widget_type=\"image.default\">\n\t\t\t\t<div class=\"elementor-widget-container\">\n\t\t\t\t\t\t\t\t\t\t\t\t\t\t\t<img decoding=\"async\" width=\"800\" height=\"788\" src=\"https:\/\/ganymed-gmbh.com\/wp-content\/uploads\/2023\/11\/Group-122-2-1024x1009.png\" class=\"attachment-large size-large wp-image-1131\" alt=\"\" srcset=\"https:\/\/ganymed-gmbh.com\/wp-content\/uploads\/2023\/11\/Group-122-2-1024x1009.png 1024w, https:\/\/ganymed-gmbh.com\/wp-content\/uploads\/2023\/11\/Group-122-2-300x296.png 300w, https:\/\/ganymed-gmbh.com\/wp-content\/uploads\/2023\/11\/Group-122-2-768x757.png 768w, https:\/\/ganymed-gmbh.com\/wp-content\/uploads\/2023\/11\/Group-122-2-1536x1514.png 1536w, https:\/\/ganymed-gmbh.com\/wp-content\/uploads\/2023\/11\/Group-122-2.png 1665w\" sizes=\"(max-width: 800px) 100vw, 800px\" \/>\t\t\t\t\t\t\t\t\t\t\t\t\t\t\t<\/div>\n\t\t\t\t<\/div>\n\t\t\t\t<\/div>\n\t\t<div class=\"elementor-element elementor-element-ff3f98f e-con-full e-flex e-con e-child\" data-id=\"ff3f98f\" data-element_type=\"container\" data-e-type=\"container\">\n\t\t\t\t<div class=\"elementor-element elementor-element-91a26b2 elementor-widget elementor-widget-text-editor\" data-id=\"91a26b2\" data-element_type=\"widget\" data-e-type=\"widget\" data-widget_type=\"text-editor.default\">\n\t\t\t\t<div class=\"elementor-widget-container\">\n\t\t\t\t\t\t\t\t\t<p>Brandschutz<\/p>\t\t\t\t\t\t\t\t<\/div>\n\t\t\t\t<\/div>\n\t\t\t\t<div class=\"elementor-element elementor-element-2fa1c8c elementor-widget elementor-widget-jet-unfold\" data-id=\"2fa1c8c\" data-element_type=\"widget\" data-e-type=\"widget\" data-settings=\"{&quot;mask_height&quot;:{&quot;unit&quot;:&quot;px&quot;,&quot;size&quot;:130,&quot;sizes&quot;:[]},&quot;unfold_duration&quot;:{&quot;unit&quot;:&quot;ms&quot;,&quot;size&quot;:800,&quot;sizes&quot;:[]},&quot;unfold_easing&quot;:&quot;easeOutExpo&quot;,&quot;mask_height_tablet&quot;:{&quot;unit&quot;:&quot;px&quot;,&quot;size&quot;:&quot;&quot;,&quot;sizes&quot;:[]},&quot;mask_height_mobile&quot;:{&quot;unit&quot;:&quot;px&quot;,&quot;size&quot;:&quot;&quot;,&quot;sizes&quot;:[]},&quot;fold_duration&quot;:{&quot;unit&quot;:&quot;ms&quot;,&quot;size&quot;:300,&quot;sizes&quot;:[]},&quot;fold_easing&quot;:&quot;easeOutSine&quot;}\" data-widget_type=\"jet-unfold.default\">\n\t\t\t\t<div class=\"elementor-widget-container\">\n\t\t\t\t\t\t\t<div class=\"jet-unfold \" data-settings=\"{&quot;height&quot;:{&quot;size&quot;:130,&quot;unit&quot;:&quot;px&quot;},&quot;separatorHeight&quot;:{&quot;unit&quot;:&quot;px&quot;,&quot;size&quot;:0,&quot;sizes&quot;:[]},&quot;heightControlType&quot;:&quot;height&quot;,&quot;wordCount&quot;:20,&quot;unfoldDuration&quot;:{&quot;unit&quot;:&quot;ms&quot;,&quot;size&quot;:800,&quot;sizes&quot;:[]},&quot;foldDuration&quot;:{&quot;unit&quot;:&quot;ms&quot;,&quot;size&quot;:300,&quot;sizes&quot;:[]},&quot;unfoldEasing&quot;:&quot;easeOutExpo&quot;,&quot;foldEasing&quot;:&quot;easeOutSine&quot;,&quot;foldScrolling&quot;:&quot;&quot;,&quot;hideOutsideClick&quot;:&quot;false&quot;,&quot;autoHide&quot;:&quot;&quot;,&quot;autoHideTime&quot;:&quot;&quot;,&quot;foldScrollOffset&quot;:&quot;&quot;,&quot;separatorType&quot;:&quot;div&quot;}\">\r\n\t\t\t<div class=\"jet-unfold__inner\">\r\n\t\t\t\t<div class=\"jet-unfold__mask\" style=\"height:130px\">\r\n\t\t\t\t\t<div class=\"jet-unfold__content\">\r\n\t\t\t\t\t\t<div class=\"jet-unfold__content-inner elementor-text-editor elementor-clearfix\"><div><p class=\"Text\">Der Brandschutz in einem Unternehmen ist essenziel, da Br\u00e4nde zu schwerwiegenden Sch\u00e4den, Verletzungen und sogar Todesf\u00e4llen f\u00fchren k\u00f6nnen. Brandschutzma\u00dfnahmen k\u00f6nnen dazu beitragen, Br\u00e4nde zu verhindern oder im Falle eines Brandes die Sch\u00e4den zu minimieren. Sie sind als Arbeitgeber gesetzlich dazu verpflichtet, den Brandschutz in Ihrem Unternehmen sicherzustellen.<\/p><\/div><div><p class=\"Text\">Hierzu m\u00fcssen Sie geeignete Ma\u00dfnahmen ergreifen, um Br\u00e4nde zu verhindern oder im Falle eines Brandes die Sch\u00e4den zu minimieren. Hinzu kommt, dass Arbeitnehmer ebenfalls verpflichtet sind, sich an die geltenden Brandschutzvorschriften zu halten und im Falle eines Brandes angemessen zu reagieren, um sich selbst und andere zu sch\u00fctzen. Hierzu geh\u00f6ren unter anderem die Installation von Brandmeldern, Feuerl\u00f6schern und Rauchabz\u00fcgen sowie die Schulung der Mitarbeitenden in Bezug auf Brandschutzma\u00dfnahmen. Eine gute Brandschutzplanung kann auch dazu beitragen, dass das Ihr Unternehmen im Falle eines Brandes schneller wie der handlungsf\u00e4hig ist.<\/p><\/div><\/div>\r\n\t\t\t\t\t<\/div>\r\n\t\t\t\t\t\t\t\t\t\t<div class=\"jet-unfold__separator\"><\/div>\r\n\t\t\t\t\t\t\t\t\t<\/div>\r\n\t\t\t\t<div class=\"jet-unfold__trigger\"><div class=\"jet-unfold__button elementor-button elementor-size-md\" href=\"#\" data-unfold-text=\"Lesen Sie Mehr\" data-fold-text=\"Weniger Lesen\" data-fold-icon=\"\" data-unfold-icon=\"\" tabindex=\"0\" role=\"button\"><span class=\"jet-unfold__button-icon jet-tricks-icon\"><\/span><span class=\"jet-unfold__button-text\">Lesen Sie Mehr<\/span><\/div>\t\t\t\t<\/div>\r\n\t\t\t<\/div>\r\n\t\t<\/div>\r\n\t\t\t\t\t\t<\/div>\n\t\t\t\t<\/div>\n\t\t\t\t<div class=\"elementor-element elementor-element-86e2fda elementor-widget elementor-widget-button\" data-id=\"86e2fda\" data-element_type=\"widget\" data-e-type=\"widget\" data-widget_type=\"button.default\">\n\t\t\t\t<div class=\"elementor-widget-container\">\n\t\t\t\t\t\t\t\t\t<div class=\"elementor-button-wrapper\">\n\t\t\t\t\t<a class=\"elementor-button elementor-button-link elementor-size-sm\" href=\"#elementor-action%3Aaction%3Dpopup%3Aopen%26settings%3DeyJpZCI6IjQwMCIsInRvZ2dsZSI6ZmFsc2V9\">\n\t\t\t\t\t\t<span class=\"elementor-button-content-wrapper\">\n\t\t\t\t\t\t\t\t\t<span class=\"elementor-button-text\">Anfrage stellen<\/span>\n\t\t\t\t\t<\/span>\n\t\t\t\t\t<\/a>\n\t\t\t\t<\/div>\n\t\t\t\t\t\t\t\t<\/div>\n\t\t\t\t<\/div>\n\t\t\t\t<\/div>\n\t\t\t\t<\/div>\n\t\t\t\t\t<\/div>\n\t\t\t\t<\/div>\n\t\t\t\t<\/div>\n\t\t","protected":false},"excerpt":{"rendered":"<p>Arbeitssicherheit Arbeitssicherheit ist das Ergebnis aller technischen, organisatorischen und pers\u00f6nlichen Ma\u00dfnahmen, welche der Umsetzung des Arbeits- und Gesundheitsschutzes dienen. Sie ist somit \u2013 neben der Arbeitsmedizin \u2013 das zweite bedeutende Instrument zur gesundheitlichen Risikominimierung im Betrieb. Unsere Betriebs\u00e4rzte und Fachkr\u00e4fte f\u00fcr Arbeitssicherheit arbeiten Hand in Hand- f\u00fcr Gesundheit und Sicherheit in Ihrem Unternehmen. Die Vermeidung [&hellip;]<\/p>\n","protected":false},"author":1,"featured_media":0,"parent":0,"menu_order":0,"comment_status":"closed","ping_status":"closed","template":"","meta":{"footnotes":""},"class_list":["post-128","page","type-page","status-publish","hentry"],"yoast_head":"<!-- This site is optimized with the Yoast SEO plugin v27.2 - https:\/\/yoast.com\/product\/yoast-seo-wordpress\/ -->\n<title>Arbeitssicherheit - GanyMED<\/title>\n<meta name=\"description\" content=\"Wir setzen auf ganzheitliche Ma\u00dfnahmen, um Arbeitsunf\u00e4lle zu vermeiden und die Sicherheit von Anlagen zu gew\u00e4hrleisten.\" \/>\n<meta name=\"robots\" content=\"index, follow, max-snippet:-1, max-image-preview:large, max-video-preview:-1\" \/>\n<link rel=\"canonical\" href=\"https:\/\/ganymed-gmbh.com\/index.php\/arbeitssicherheit-arbeitsmediziner-frankfurt\/\" \/>\n<meta property=\"og:locale\" content=\"de_DE\" \/>\n<meta property=\"og:type\" content=\"article\" \/>\n<meta property=\"og:title\" content=\"Arbeitssicherheit - GanyMED\" \/>\n<meta property=\"og:description\" content=\"Wir setzen auf ganzheitliche Ma\u00dfnahmen, um Arbeitsunf\u00e4lle zu vermeiden und die Sicherheit von Anlagen zu gew\u00e4hrleisten.\" \/>\n<meta property=\"og:url\" content=\"https:\/\/ganymed-gmbh.com\/index.php\/arbeitssicherheit-arbeitsmediziner-frankfurt\/\" \/>\n<meta property=\"og:site_name\" content=\"GanyMED\" \/>\n<meta property=\"article:modified_time\" content=\"2024-01-25T14:53:36+00:00\" \/>\n<meta property=\"og:image\" content=\"https:\/\/ganymed-gmbh.com\/wp-content\/uploads\/2023\/11\/Group-120-5-1024x1020.png\" \/>\n<meta name=\"twitter:card\" content=\"summary_large_image\" \/>\n<meta name=\"twitter:label1\" content=\"Gesch\u00e4tzte Lesezeit\" \/>\n\t<meta name=\"twitter:data1\" content=\"3\u00a0Minuten\" \/>\n<script type=\"application\/ld+json\" class=\"yoast-schema-graph\">{\"@context\":\"https:\/\/schema.org\",\"@graph\":[{\"@type\":\"WebPage\",\"@id\":\"https:\/\/ganymed-gmbh.com\/index.php\/arbeitssicherheit-arbeitsmediziner-frankfurt\/\",\"url\":\"https:\/\/ganymed-gmbh.com\/index.php\/arbeitssicherheit-arbeitsmediziner-frankfurt\/\",\"name\":\"Arbeitssicherheit - GanyMED\",\"isPartOf\":{\"@id\":\"https:\/\/ganymed-gmbh.com\/#website\"},\"primaryImageOfPage\":{\"@id\":\"https:\/\/ganymed-gmbh.com\/index.php\/arbeitssicherheit-arbeitsmediziner-frankfurt\/#primaryimage\"},\"image\":{\"@id\":\"https:\/\/ganymed-gmbh.com\/index.php\/arbeitssicherheit-arbeitsmediziner-frankfurt\/#primaryimage\"},\"thumbnailUrl\":\"https:\/\/ganymed-gmbh.com\/wp-content\/uploads\/2023\/11\/Group-120-5-1024x1020.png\",\"datePublished\":\"2023-10-11T08:43:42+00:00\",\"dateModified\":\"2024-01-25T14:53:36+00:00\",\"description\":\"Wir setzen auf ganzheitliche Ma\u00dfnahmen, um Arbeitsunf\u00e4lle zu vermeiden und die Sicherheit von Anlagen zu gew\u00e4hrleisten.\",\"breadcrumb\":{\"@id\":\"https:\/\/ganymed-gmbh.com\/index.php\/arbeitssicherheit-arbeitsmediziner-frankfurt\/#breadcrumb\"},\"inLanguage\":\"de\",\"potentialAction\":[{\"@type\":\"ReadAction\",\"target\":[\"https:\/\/ganymed-gmbh.com\/index.php\/arbeitssicherheit-arbeitsmediziner-frankfurt\/\"]}]},{\"@type\":\"ImageObject\",\"inLanguage\":\"de\",\"@id\":\"https:\/\/ganymed-gmbh.com\/index.php\/arbeitssicherheit-arbeitsmediziner-frankfurt\/#primaryimage\",\"url\":\"https:\/\/ganymed-gmbh.com\/wp-content\/uploads\/2023\/11\/Group-120-5.png\",\"contentUrl\":\"https:\/\/ganymed-gmbh.com\/wp-content\/uploads\/2023\/11\/Group-120-5.png\",\"width\":1647,\"height\":1641},{\"@type\":\"BreadcrumbList\",\"@id\":\"https:\/\/ganymed-gmbh.com\/index.php\/arbeitssicherheit-arbeitsmediziner-frankfurt\/#breadcrumb\",\"itemListElement\":[{\"@type\":\"ListItem\",\"position\":1,\"name\":\"Startseite\",\"item\":\"https:\/\/ganymed-gmbh.com\/\"},{\"@type\":\"ListItem\",\"position\":2,\"name\":\"Arbeitssicherheit\"}]},{\"@type\":\"WebSite\",\"@id\":\"https:\/\/ganymed-gmbh.com\/#website\",\"url\":\"https:\/\/ganymed-gmbh.com\/\",\"name\":\"GanyMED\",\"description\":\"\",\"publisher\":{\"@id\":\"https:\/\/ganymed-gmbh.com\/#organization\"},\"potentialAction\":[{\"@type\":\"SearchAction\",\"target\":{\"@type\":\"EntryPoint\",\"urlTemplate\":\"https:\/\/ganymed-gmbh.com\/?s={search_term_string}\"},\"query-input\":{\"@type\":\"PropertyValueSpecification\",\"valueRequired\":true,\"valueName\":\"search_term_string\"}}],\"inLanguage\":\"de\"},{\"@type\":\"Organization\",\"@id\":\"https:\/\/ganymed-gmbh.com\/#organization\",\"name\":\"GanyMED\",\"url\":\"https:\/\/ganymed-gmbh.com\/\",\"logo\":{\"@type\":\"ImageObject\",\"inLanguage\":\"de\",\"@id\":\"https:\/\/ganymed-gmbh.com\/#\/schema\/logo\/image\/\",\"url\":\"https:\/\/ganymed-gmbh.com\/wp-content\/uploads\/2023\/10\/Logo-hero-section.png\",\"contentUrl\":\"https:\/\/ganymed-gmbh.com\/wp-content\/uploads\/2023\/10\/Logo-hero-section.png\",\"width\":436,\"height\":96,\"caption\":\"GanyMED\"},\"image\":{\"@id\":\"https:\/\/ganymed-gmbh.com\/#\/schema\/logo\/image\/\"}}]}<\/script>\n<!-- \/ Yoast SEO plugin. -->","yoast_head_json":{"title":"Arbeitssicherheit - GanyMED","description":"Wir setzen auf ganzheitliche Ma\u00dfnahmen, um Arbeitsunf\u00e4lle zu vermeiden und die Sicherheit von Anlagen zu gew\u00e4hrleisten.","robots":{"index":"index","follow":"follow","max-snippet":"max-snippet:-1","max-image-preview":"max-image-preview:large","max-video-preview":"max-video-preview:-1"},"canonical":"https:\/\/ganymed-gmbh.com\/index.php\/arbeitssicherheit-arbeitsmediziner-frankfurt\/","og_locale":"de_DE","og_type":"article","og_title":"Arbeitssicherheit - GanyMED","og_description":"Wir setzen auf ganzheitliche Ma\u00dfnahmen, um Arbeitsunf\u00e4lle zu vermeiden und die Sicherheit von Anlagen zu gew\u00e4hrleisten.","og_url":"https:\/\/ganymed-gmbh.com\/index.php\/arbeitssicherheit-arbeitsmediziner-frankfurt\/","og_site_name":"GanyMED","article_modified_time":"2024-01-25T14:53:36+00:00","og_image":[{"url":"https:\/\/ganymed-gmbh.com\/wp-content\/uploads\/2023\/11\/Group-120-5-1024x1020.png","type":"","width":"","height":""}],"twitter_card":"summary_large_image","twitter_misc":{"Gesch\u00e4tzte Lesezeit":"3\u00a0Minuten"},"schema":{"@context":"https:\/\/schema.org","@graph":[{"@type":"WebPage","@id":"https:\/\/ganymed-gmbh.com\/index.php\/arbeitssicherheit-arbeitsmediziner-frankfurt\/","url":"https:\/\/ganymed-gmbh.com\/index.php\/arbeitssicherheit-arbeitsmediziner-frankfurt\/","name":"Arbeitssicherheit - GanyMED","isPartOf":{"@id":"https:\/\/ganymed-gmbh.com\/#website"},"primaryImageOfPage":{"@id":"https:\/\/ganymed-gmbh.com\/index.php\/arbeitssicherheit-arbeitsmediziner-frankfurt\/#primaryimage"},"image":{"@id":"https:\/\/ganymed-gmbh.com\/index.php\/arbeitssicherheit-arbeitsmediziner-frankfurt\/#primaryimage"},"thumbnailUrl":"https:\/\/ganymed-gmbh.com\/wp-content\/uploads\/2023\/11\/Group-120-5-1024x1020.png","datePublished":"2023-10-11T08:43:42+00:00","dateModified":"2024-01-25T14:53:36+00:00","description":"Wir setzen auf ganzheitliche Ma\u00dfnahmen, um Arbeitsunf\u00e4lle zu vermeiden und die Sicherheit von Anlagen zu gew\u00e4hrleisten.","breadcrumb":{"@id":"https:\/\/ganymed-gmbh.com\/index.php\/arbeitssicherheit-arbeitsmediziner-frankfurt\/#breadcrumb"},"inLanguage":"de","potentialAction":[{"@type":"ReadAction","target":["https:\/\/ganymed-gmbh.com\/index.php\/arbeitssicherheit-arbeitsmediziner-frankfurt\/"]}]},{"@type":"ImageObject","inLanguage":"de","@id":"https:\/\/ganymed-gmbh.com\/index.php\/arbeitssicherheit-arbeitsmediziner-frankfurt\/#primaryimage","url":"https:\/\/ganymed-gmbh.com\/wp-content\/uploads\/2023\/11\/Group-120-5.png","contentUrl":"https:\/\/ganymed-gmbh.com\/wp-content\/uploads\/2023\/11\/Group-120-5.png","width":1647,"height":1641},{"@type":"BreadcrumbList","@id":"https:\/\/ganymed-gmbh.com\/index.php\/arbeitssicherheit-arbeitsmediziner-frankfurt\/#breadcrumb","itemListElement":[{"@type":"ListItem","position":1,"name":"Startseite","item":"https:\/\/ganymed-gmbh.com\/"},{"@type":"ListItem","position":2,"name":"Arbeitssicherheit"}]},{"@type":"WebSite","@id":"https:\/\/ganymed-gmbh.com\/#website","url":"https:\/\/ganymed-gmbh.com\/","name":"GanyMED","description":"","publisher":{"@id":"https:\/\/ganymed-gmbh.com\/#organization"},"potentialAction":[{"@type":"SearchAction","target":{"@type":"EntryPoint","urlTemplate":"https:\/\/ganymed-gmbh.com\/?s={search_term_string}"},"query-input":{"@type":"PropertyValueSpecification","valueRequired":true,"valueName":"search_term_string"}}],"inLanguage":"de"},{"@type":"Organization","@id":"https:\/\/ganymed-gmbh.com\/#organization","name":"GanyMED","url":"https:\/\/ganymed-gmbh.com\/","logo":{"@type":"ImageObject","inLanguage":"de","@id":"https:\/\/ganymed-gmbh.com\/#\/schema\/logo\/image\/","url":"https:\/\/ganymed-gmbh.com\/wp-content\/uploads\/2023\/10\/Logo-hero-section.png","contentUrl":"https:\/\/ganymed-gmbh.com\/wp-content\/uploads\/2023\/10\/Logo-hero-section.png","width":436,"height":96,"caption":"GanyMED"},"image":{"@id":"https:\/\/ganymed-gmbh.com\/#\/schema\/logo\/image\/"}}]}},"_links":{"self":[{"href":"https:\/\/ganymed-gmbh.com\/index.php\/wp-json\/wp\/v2\/pages\/128","targetHints":{"allow":["GET"]}}],"collection":[{"href":"https:\/\/ganymed-gmbh.com\/index.php\/wp-json\/wp\/v2\/pages"}],"about":[{"href":"https:\/\/ganymed-gmbh.com\/index.php\/wp-json\/wp\/v2\/types\/page"}],"author":[{"embeddable":true,"href":"https:\/\/ganymed-gmbh.com\/index.php\/wp-json\/wp\/v2\/users\/1"}],"replies":[{"embeddable":true,"href":"https:\/\/ganymed-gmbh.com\/index.php\/wp-json\/wp\/v2\/comments?post=128"}],"version-history":[{"count":164,"href":"https:\/\/ganymed-gmbh.com\/index.php\/wp-json\/wp\/v2\/pages\/128\/revisions"}],"predecessor-version":[{"id":1531,"href":"https:\/\/ganymed-gmbh.com\/index.php\/wp-json\/wp\/v2\/pages\/128\/revisions\/1531"}],"wp:attachment":[{"href":"https:\/\/ganymed-gmbh.com\/index.php\/wp-json\/wp\/v2\/media?parent=128"}],"curies":[{"name":"wp","href":"https:\/\/api.w.org\/{rel}","templated":true}]}}